{"id":1104,"date":"2015-09-24T11:12:23","date_gmt":"2015-09-24T09:12:23","guid":{"rendered":"http:\/\/teszt.manuf.bme.hu\/?page_id=1104"},"modified":"2021-02-05T14:19:54","modified_gmt":"2021-02-05T13:19:54","slug":"biro-istvan","status":"publish","type":"page","link":"https:\/\/manuf.bme.hu\/?page_id=1104","title":{"rendered":"Dr. Bir\u00f3 Istv\u00e1n"},"content":{"rendered":"<p>Adjunktus<img loading=\"lazy\" decoding=\"async\" class=\"so-widget-image alignright\" src=\"https:\/\/manuf.bme.hu\/wp-content\/uploads\/2017\/01\/biro_istvan.jpg\" alt=\"\" width=\"175\" height=\"175\" \/><\/p>\n<h4><strong>El\u00e9rhet\u0151s\u00e9g<\/strong><\/h4>\n<p>Iroda: G \u00e9p\u00fclet 111.<br \/>\nTelefon: +36 1 463 3178 (G \u00e9p\u00fclet); +36 1 463 2053 (G \u00e9p\u00fclet)<br \/>\nFax: +36 1 463 3176<br \/>\nKonzult\u00e1ci\u00f3 a szorgalmi id\u0151szak alatt a G111 szob\u00e1ban: kedd 8:15-10:00<br \/>\nE-mail: biro.istvan<img loading=\"lazy\" decoding=\"async\" data-attachment-id=\"14788\" data-permalink=\"https:\/\/manuf.bme.hu\/?attachment_id=14788\" data-orig-file=\"https:\/\/manuf.bme.hu\/wp-content\/uploads\/2021\/02\/email_m_resize.png\" data-orig-size=\"96,16\" data-comments-opened=\"0\" data-image-meta=\"{&quot;aperture&quot;:&quot;0&quot;,&quot;credit&quot;:&quot;&quot;,&quot;camera&quot;:&quot;&quot;,&quot;caption&quot;:&quot;&quot;,&quot;created_timestamp&quot;:&quot;0&quot;,&quot;copyright&quot;:&quot;&quot;,&quot;focal_length&quot;:&quot;0&quot;,&quot;iso&quot;:&quot;0&quot;,&quot;shutter_speed&quot;:&quot;0&quot;,&quot;title&quot;:&quot;&quot;,&quot;orientation&quot;:&quot;0&quot;}\" data-image-title=\"email_m_resize\" data-image-description=\"\" data-image-caption=\"\" data-medium-file=\"https:\/\/manuf.bme.hu\/wp-content\/uploads\/2021\/02\/email_m_resize.png\" data-large-file=\"https:\/\/manuf.bme.hu\/wp-content\/uploads\/2021\/02\/email_m_resize.png\" class=\"inline-image alignnone wp-image-14788\" src=\"https:\/\/manuf.bme.hu\/wp-content\/uploads\/2021\/02\/email_m.png\" alt=\"\" width=\"88\" height=\"13\" \/><\/p>\n<p>&nbsp;<\/p>\n<p>&nbsp;<\/p>\n<p>&nbsp;<\/p>\n<hr \/>\n<p><iframe loading=\"lazy\" style=\"border-width: 0;\" src=\"https:\/\/calendar.google.com\/calendar\/embed?src=biro.istvan88%40gmail.com&amp;ctz=Europe%2FBudapest\" width=\"600\" height=\"400\" frameborder=\"0\" scrolling=\"no\"><\/iframe><\/p>\n<h4><\/h4>\n<h4><strong>Tanulm\u00e1nyok\/ Munkahelyek<\/strong><\/h4>\n<table>\n<tbody>\n<tr>\n<td style=\"width: 108px;\"><b>D\u00e1tum<\/b><\/td>\n<td style=\"width: 198px;\"><b>Beoszt\u00e1s, v\u00e9gzetts\u00e9g<\/b><\/td>\n<td style=\"width: 666px;\"><b>Int\u00e9zm\u00e9ny<\/b><\/td>\n<\/tr>\n<tr>\n<td style=\"width: 108px;\">2018.j\u00fal. &#8211; jelenleg<\/td>\n<td style=\"width: 198px;\">adjunktus<\/td>\n<td style=\"width: 666px;\">BME Gy\u00e1rt\u00e1studom\u00e1ny \u00e9s -technol\u00f3gia Tansz\u00e9k<\/td>\n<\/tr>\n<tr>\n<td style=\"width: 108px;\">2016.jan. &#8211; 2018.j\u00fan.<\/td>\n<td style=\"width: 198px;\">tan\u00e1rseg\u00e9d<\/td>\n<td style=\"width: 666px;\">BME Gy\u00e1rt\u00e1studom\u00e1ny \u00e9s -technol\u00f3gia Tansz\u00e9k<\/td>\n<\/tr>\n<tr>\n<td style=\"width: 108px;\">2013.febr. &#8211; 2016.jan.<\/td>\n<td style=\"width: 198px;\">doktorandusz<\/td>\n<td style=\"width: 666px;\">BME Pattanty\u00fas-\u00c1brah\u00e1m G\u00e9za G\u00e9p\u00e9szeti Tudom\u00e1nyok Doktori Iskola, Anyag- \u00e9s Gy\u00e1rt\u00e1stechnol\u00f3gia alprogram, Gy\u00e1rt\u00e1stechnol\u00f3gia r\u00e9szprogram<\/td>\n<\/tr>\n<tr>\n<td style=\"width: 108px;\">2011.febr. &#8211; 2013. jan.<\/td>\n<td style=\"width: 198px;\">okleveles g\u00e9p\u00e9szm\u00e9rn\u00f6k (MSc)<\/td>\n<td style=\"width: 666px;\">BME G\u00e9p\u00e9szm\u00e9rn\u00f6ki Kar, G\u00e9pgy\u00e1rt\u00e1stechnol\u00f3gia szakir\u00e1ny<\/td>\n<\/tr>\n<tr>\n<td style=\"width: 108px;\">2007.szept. &#8211; 2011.jan.<\/td>\n<td style=\"width: 198px;\">g\u00e9p\u00e9szm\u00e9rn\u00f6k (BSc)<\/td>\n<td style=\"width: 666px;\">BME G\u00e9p\u00e9szm\u00e9rn\u00f6ki Kar, G\u00e9pgy\u00e1rt\u00e1stechnol\u00f3gia szakir\u00e1ny<\/td>\n<\/tr>\n<tr>\n<td style=\"width: 108px;\">2003.szept. &#8211; 2007.j\u00fan.<\/td>\n<td style=\"width: 198px;\">\u00e1ltal\u00e1nos gimn\u00e1ziumi k\u00e9pz\u00e9s<\/td>\n<td style=\"width: 666px;\">Veress J\u00e1nos Szakk\u00f6z\u00e9p-, Szakk\u00e9pz\u0151 Iskola \u00e9s J\u00f3zsef Attila Gimn\u00e1zium, Kunszentm\u00e1rton<\/td>\n<\/tr>\n<\/tbody>\n<\/table>\n<h4><strong>Tudom\u00e1nyos fokozatok<\/strong><\/h4>\n<p>2018. PhD (v\u00e9d\u00e9s d\u00e1tuma: 2018. m\u00e1jus 26.), dolgozat c\u00edme: <em>A forg\u00e1cslev\u00e1laszt\u00e1s energetikai modellj\u00e9nek kiterjeszt\u00e9se nagy szil\u00e1rds\u00e1g\u00fa ac\u00e9l prec\u00edzi\u00f3s \u00e9s mikroforg\u00e1csol\u00e1si technol\u00f3gi\u00e1j\u00e1hoz<\/em> (az \u00e9rtekez\u00e9s let\u00f6lthet\u0151 <a href=\"http:\/\/hdl.handle.net\/10890\/5479\"><u>ITT<\/u><\/a>)<\/p>\n<h4><strong>D\u00edjak, elismer\u00e9sek, \u00f6szt\u00f6nd\u00edjak<\/strong><\/h4>\n<p>2020. BME &#8222;Akikre b\u00fcszk\u00e9k vagyunk&#8221; elismer\u0151 oklev\u00e9l a m\u0171egyetemi l\u00e9legeztet\u0151g\u00e9p-fejleszt\u0151 csapat tagjak\u00e9nt<br \/>\n2020. Pro Progressio Innov\u00e1ci\u00f3s Nagyd\u00edj a &#8222;BME-HerO2 nagytud\u00e1s\u00fa, invaz\u00edv \u00e9s non-invaz\u00edv l\u00e9legeztet\u0151g\u00e9p megalkot\u00e1s\u00e1\u00e9rt&#8221; &#8211; csapattagk\u00e9nt<\/p>\n<p>ERASMUS+ Oktat\u00f3i Mobilit\u00e1s<br \/>\n2019. <a href=\"https:\/\/www.ntua.gr\/en\/\"><u>Ath\u00e9ni Nemzeti M\u0171szaki Egyetem<\/u><\/a><br \/>\n2018. <a href=\"https:\/\/www.kth.se\/en\"><u>Stockholmi Kir\u00e1lyi M\u0171szaki Egyetem<\/u><\/a><br \/>\n2017. <a href=\"https:\/\/www.ttu.ee\/en\"><u>Tallinni M\u0171szaki Egyetem<\/u><\/a><\/p>\n<p>CEEPUS Oktat\u00f3i Mobilit\u00e1s<br \/>\n2019. <a href=\"https:\/\/www.cvut.cz\/en\"><u>Pr\u00e1gai Cseh M\u0171szaki Egyetem<\/u><\/a><br \/>\n2018. <a href=\"https:\/\/www.vsb.cz\/en\"><u>Ostravai M\u0171szaki Egyetem<\/u><\/a><\/p>\n<p>2016-2017. BME G\u00e9p\u00e9szm\u00e9rn\u00f6ki Kar Doktorjel\u00f6lti \u00d6szt\u00f6nd\u00edj<br \/>\n2013. XXXI. OTDK M\u0171szaki Tudom\u00e1nyi Szekci\u00f3 I. helyez\u00e9s \u00e9s Prezent\u00e1ci\u00f3s K\u00fcl\u00f6nd\u00edj<\/p>\n<h4><strong>Kutat\u00e1si ter\u00fcletek \u00e9s tev\u00e9kenys\u00e9gek<\/strong><\/h4>\n<p>Nagy szil\u00e1rds\u00e1g\u00fa anyagok megmunk\u00e1lhat\u00f3s\u00e1ga<br \/>\nF\u00e9mes anyagok forg\u00e1csolhat\u00f3s\u00e1ga<br \/>\nForg\u00e1csol\u00f3k\u00e9pess\u00e9g<br \/>\nFajlagos forg\u00e1csol\u00f3 er\u0151 \u00e9s minim\u00e1lis forg\u00e1csvastags\u00e1g kapcsolata<br \/>\nForg\u00e1csol\u00e1si k\u00eds\u00e9rletek tervez\u00e9se \u00e9s ki\u00e9rt\u00e9kel\u00e9se<\/p>\n<p>A kutat\u00f3munk\u00e1r\u00f3l itt olvashat r\u00e9szletes \u00f6sszefoglal\u00f3t: <u><a href=\"http:\/\/doktori.bme.hu\/bme_palyazat\/2016\/honlap\/Biro_Istvan_hu.html\" target=\"_blank\" rel=\"noopener noreferrer\">BMe Kutat\u00f3i P\u00e1ly\u00e1zat<\/a><\/u><\/p>\n<h4><strong>Publik\u00e1ci\u00f3s tev\u00e9kenys\u00e9g<\/strong><\/h4>\n<p>A teljes publik\u00e1ci\u00f3s lista az al\u00e1bbi helyen olvashat\u00f3:<br \/>\n<u><a href=\"https:\/\/m2.mtmt.hu\/gui2\/?type=authors&amp;mode=browse&amp;sel=10042869\" target=\"_blank\" rel=\"noopener noreferrer\">MTMT publik\u00e1ci\u00f3s lista<\/a><\/u><\/p>\n<h4><strong>Szakmai-k\u00f6z\u00e9leti tev\u00e9kenys\u00e9g<\/strong><\/h4>\n<table>\n<tbody>\n<tr>\n<td style=\"width: 108px;\"><b>D\u00e1tum<\/b><\/td>\n<td style=\"width: 198px;\"><b>Funkci\u00f3<\/b><\/td>\n<td style=\"width: 666px;\"><b>Int\u00e9zm\u00e9ny<\/b><\/td>\n<\/tr>\n<tr>\n<td style=\"width: 108px;\">2019.okt. &#8211; jelenleg<\/td>\n<td style=\"width: 198px;\"><u><a href=\"https:\/\/mta.hu\/koztestuleti_tagok?PersonId=10056564\" target=\"_blank\" rel=\"noopener noreferrer\">k\u00f6ztest\u00fcleti tag<\/a><\/u><\/td>\n<td style=\"width: 666px;\">MTA M\u0171szaki Tudom\u00e1nyok Oszt\u00e1lya, Anyagtudom\u00e1nyi \u00e9s Technol\u00f3giai Tudom\u00e1nyos Bizotts\u00e1g<\/td>\n<\/tr>\n<tr>\n<td style=\"width: 108px;\">2019.aug. &#8211; jelenleg<\/td>\n<td style=\"width: 198px;\"><u><a href=\"http:\/\/nki.bme.hu\/node\/5703\">Erasmus koordin\u00e1tor<\/a><\/u><\/td>\n<td style=\"width: 666px;\">BME G\u00e9p\u00e9szm\u00e9rn\u00f6ki Kar<\/td>\n<\/tr>\n<\/tbody>\n<\/table>\n<h4><strong>Oktatott tant\u00e1rgyak<\/strong><\/h4>\n<p>G\u00e9pgy\u00e1rt\u00e1stechnol\u00f3gia labor- \u00e9s tantermi gyakorlatok (BSc)<br \/>\nManufacturing laborgyakorlatok (BSc, angol)<br \/>\nFertigungtechnik labor- \u00e9s tantermi gyakorlatok (BSc, n\u00e9met)<br \/>\nAlapvet\u0151 gy\u00e1rt\u00e1si elj\u00e1r\u00e1sok gyakorlatok (BSc)<br \/>\nForg\u00e1csol\u00e1s \u00e9s szersz\u00e1mai el\u0151ad\u00e1s \u00e9s tantermi gyakorlatok (BSc)<br \/>\nManufacturing processes el\u0151ad\u00e1s \u00e9s tantermi gyakorlatok (BSc, angol)<br \/>\nK\u00e9sz\u00fcl\u00e9ktervez\u00e9s laborgyakorlatok (BSc)<br \/>\nCAD\/CAM alkalmaz\u00e1sok gyakorlatok (BSc \u00e9s MSc)<br \/>\nCAD\/CAM applications gyakorlatok (BSc, angol)<br \/>\nForg\u00e1csol\u00e1si folyamatok el\u0151ad\u00e1s \u00e9s laborgyakorlatok (MSc)<br \/>\nK\u00fcl\u00f6nleges gy\u00e1rt\u00e1si technol\u00f3gi\u00e1k el\u0151ad\u00e1s (MSc)<br \/>\nAdvanced Manufacturing el\u0151ad\u00e1s (MSc angol)<br \/>\nProjekt A t\u00e9mavezet\u00e9sek (MSc)<br \/>\nSzakdolgozat \u00e9s diplomaterv t\u00e9mavezet\u00e9sek<\/p>\n<h4><strong>Nyelvismeret<\/strong><\/h4>\n<p>Angol \u2013 k\u00f6z\u00e9pfok\u00fa, C t\u00edpus\u00fa nyelvvizsga<br \/>\nN\u00e9met \u2013 k\u00f6z\u00e9pfok\u00fa, C t\u00edpus\u00fa nyelvvizsga<\/p>\n<h4><strong>T\u00e9maaj\u00e1nlatok (TDK, diplomaterv)<br \/>\n<\/strong><\/h4>\n<p>Mar\u00e1si folyamatok komplex ki\u00e9rt\u00e9kel\u00e9se<br \/>\nMikroforg\u00e1csol\u00e1s energetikai jellemz\u0151inek vizsg\u00e1lata<br \/>\nMinim\u00e1lis forg\u00e1csvastags\u00e1g k\u00f6zvetett meghat\u00e1roz\u00e1sa er\u0151m\u00e9r\u00e9s alapj\u00e1n<br \/>\nDeform\u00e1ci\u00f3s folyamatok vizsg\u00e1lata mikrom\u00e9ret\u0171 forg\u00e1cs lev\u00e1laszt\u00e1sakor<\/p>\n","protected":false},"excerpt":{"rendered":"<p>Adjunktus El\u00e9rhet\u0151s\u00e9g Iroda: G \u00e9p\u00fclet 111. Telefon: +36 1 463 3178 (G \u00e9p\u00fclet); +36 1 463 2053 (G \u00e9p\u00fclet) Fax: +36 1 463 3176 Konzult\u00e1ci\u00f3 a szorgalmi id\u0151szak alatt a G111 szob\u00e1ban: kedd 8:15-10:00 E-mail: biro.istvan &nbsp; &nbsp; &nbsp; Tanulm\u00e1nyok\/ Munkahelyek D\u00e1tum Beoszt\u00e1s, v\u00e9gzetts\u00e9g Int\u00e9zm\u00e9ny 2018.j\u00fal. &#8211; jelenleg adjunktus BME Gy\u00e1rt\u00e1studom\u00e1ny \u00e9s -technol\u00f3gia Tansz\u00e9k 2016.jan&#8230;.<\/p>\n<p class=\"more-link-wrap\"><a href=\"https:\/\/manuf.bme.hu\/?page_id=1104\" class=\"more-link\">B\u0151vebben<span class=\"screen-reader-text\"> &ldquo;Dr. Bir\u00f3 Istv\u00e1n&rdquo;<\/span> &raquo;<\/a><\/p>\n","protected":false},"author":43,"featured_media":0,"parent":98,"menu_order":10,"comment_status":"closed","ping_status":"closed","template":"","meta":{"_cbd_carousel_blocks":"[]","jetpack_post_was_ever_published":false,"footnotes":""},"class_list":["post-1104","page","type-page","status-publish","hentry"],"jetpack_sharing_enabled":true,"_links":{"self":[{"href":"https:\/\/manuf.bme.hu\/index.php?rest_route=\/wp\/v2\/pages\/1104","targetHints":{"allow":["GET"]}}],"collection":[{"href":"https:\/\/manuf.bme.hu\/index.php?rest_route=\/wp\/v2\/pages"}],"about":[{"href":"https:\/\/manuf.bme.hu\/index.php?rest_route=\/wp\/v2\/types\/page"}],"author":[{"embeddable":true,"href":"https:\/\/manuf.bme.hu\/index.php?rest_route=\/wp\/v2\/users\/43"}],"replies":[{"embeddable":true,"href":"https:\/\/manuf.bme.hu\/index.php?rest_route=%2Fwp%2Fv2%2Fcomments&post=1104"}],"version-history":[{"count":0,"href":"https:\/\/manuf.bme.hu\/index.php?rest_route=\/wp\/v2\/pages\/1104\/revisions"}],"up":[{"embeddable":true,"href":"https:\/\/manuf.bme.hu\/index.php?rest_route=\/wp\/v2\/pages\/98"}],"wp:attachment":[{"href":"https:\/\/manuf.bme.hu\/index.php?rest_route=%2Fwp%2Fv2%2Fmedia&parent=1104"}],"curies":[{"name":"wp","href":"https:\/\/api.w.org\/{rel}","templated":true}]}}